t common divisor of 210 and r.
21
Suppose 3*i - 6 = 0, 0*d - d = i + 19. Let l = d - 753. Let p be 2/(-7) + l/(-63). What is the greatest common divisor of p and 3?
3
Suppose u - 97 = -u - 5*y, 4*u = -5*y + 209. Let r = u + -33. Calculate the greatest common factor of 253 and r.
23
Suppose -15 = -3*l, 3*f = -3*l + 22 + 26. Let y(r) = -r**2 + 13*r + 10. Let c be y(f). Calculate the greatest common divisor of c and 4.
4
Suppose 0 = -4*n + 2*n + 28. Suppose 4*x + 392 = 4*s, -6*s + 2*s - x + 392 = 0. Calculate the highest common factor of n and s.
14
Let u(s) = 269*s**2 - s. Let d be u(1). Let f be (-4)/(-18) - d/(-9). Suppose i - 20 + 12 = 0, 2*i = -5*q + 66. What is the highest common divisor of f and q?
10
Let v = -28 - -59. Let y be (-62 - 0)/((-2)/5). What is the highest common factor of v and y?
31
Suppose 0 = 6*p - 11*p + 180. Let f = 4 - -32. Calculate the greatest common divisor of p and f.
36
Let a(z) = 5*z - 60. Let f be a(19). Let u(p) = -6*p**3 + 3*p**2 - 1. Let x be u(-2). Let b = x - f. What is the highest common divisor of 60 and b?
12
Suppose -85 - 75 = -2*m. Let f = -30 - -33. Suppose f*y - 16 = 14. What is the highest common divisor of m and y?
10
Suppose 0 = -2*m + 51 - 15. Suppose -22*c = -m*c - 44. What is the greatest common divisor of 99 and c?
11
Let l be (-6 - -6)*(-1)/2. Suppose 4*m + 56 = 2*a, 5*a - 68 = 4*m - l*m. Let r be (27/m)/((-12)/32). What is the highest common divisor of 18 and r?
6
Let l(j) = j**2 + 11*j - 4. Let w be l(-15). Suppose 16*r = 23*r - w. Calculate the greatest common divisor of 72 and r.
8
Suppose l + 2 = 0, -3*l + 7 + 2 = 5*y. Suppose -352 = -11*w + y*w. What is the greatest common factor of 11 and w?
11
Let r(u) = u**3 - 9*u**2 + 9*u + 12. Let q be r(8). Calculate the highest common factor of q and 380.
20
Suppose 20 = -5*q, 1199 + 1 = 3*n - 3*q. Let u = -70 + 106. What is the greatest common factor of n and u?
36
Suppose 4*o - 6*o - 24 = 0. Let h = o - -82. Calculate the highest common factor of h and 14.
14
Let n = 5076 - 2951. What is the greatest common divisor of n and 34?
17
Let n be -1*10*(-320)/50. Suppose 0 = i - 4*g - 20, i - 3*g - 15 = 2. Calculate the highest common divisor of i and n.
8
Suppose 16*z - 336 = 4*z. Calculate the greatest common factor of z and 35.
7
Suppose -4 = 3*m - 22. Suppose -6*a + 3926 = 4*c - 3*a, 0 = c - 3*a - 974. Suppose i = m*i - c. Calculate the greatest common divisor of i and 28.
28
Let v = 28 - 13. Let b = 39 - v. Calculate the greatest common factor of b and 168.
24
Suppose 4 + 6 = 5*h, -3*a - 5*h - 11 = 0. Let y(c) = -2*c. Let w be y(a). Let k be 43 - 2 - 1*-1. What is the greatest common factor of k and w?
14
Suppose 240 = 4*o - 2*x, -4*o - 8*x = -7*x - 240. What is the greatest common divisor of 40 and o?
20
Let j = 4 - 3. Suppose 0 = -4*r - 4*s - 4, 4*r = -5*s + 9*s + 36. Calculate the highest common divisor of r and j.
1
Suppose -32*p = -9*p - 92. Let m be (-70)/(-6) + (-2)/(-6). Calculate the greatest common divisor of p and m.
4
Let w(a) = -a**3 + 6*a**2 + 19*a - 19. Let m be w(8). Suppose 0*c = c - 20. What is the greatest common divisor of c and m?
5
Let c be (9 - (-240)/(-25))*-5. Calculate the greatest common divisor of c and 3.
3
Suppose -5*r = -m - 1002, -5*r = -3*m - 1462 + 456. What is the highest common factor of r and 40?
40
Let h(g) = 5*g**2 - 2*g + 1. Let p be h(1). Suppose 2*v - i - 27 = 0, p*v - 3*v + 4*i = 0. Let y = 218 + -210. What is the highest common divisor of v and y?
4
Let o be 6/4*(3 - -1). Suppose -o*a = -7*a + 11. Let z be ((-44)/20)/((-4)/220). What is the highest common factor of a and z?
11
Suppose s + 140 = 5*n + 5, s - 61 = -2*n. Let w = 71 + -43. What is the highest common divisor of w and n?
28
Suppose -6*c + 520 - 328 = 0. Calculate the greatest common divisor of c and 2336.
32
Suppose 3*v = -v + 8. Suppose 7*t - 180 = v*t. What is the greatest common divisor of 90 and t?
18
Suppose -4*q + 47 + 785 = 0. Let n(f) = -f**3 + 19*f**2 + 2*f - 12. Let t be n(19). Calculate the highest common divisor of q and t.
26
Let l(d) = -2*d + 3. Let q be l(2). Let c be -1 - (-8 + (q - -2)). Let r(k) = -29*k**3 + k**2. Let x be r(-1). What is the greatest common factor of c and x?
6
Let s(z) = -6*z**2 - 4*z + 47. Let p(j) = -7*j**2 - 4*j + 48. Let i(u) = 5*p(u) - 6*s(u). Let m be i(5). What is the greatest common factor of 3 and m?
3
Let a(q) = -2*q + 45. Let y be a(15). Suppose -31 = 2*p + 33. Let g be (p/(-10))/(2/y). What is the highest common factor of 8 and g?
8
Suppose 2*x - x - 43 = 3*r, 5*r - 115 = -3*x. What is the highest common divisor of x and 30?
10
Let k(l) = -4*l - 80. Let r be k(-37). What is the highest common factor of 85 and r?
17
Let i be (1037/85 - 12) + 218/10. What is the greatest common divisor of 341 and i?
11
Suppose -31*t + 383 = 11. Suppose -2*n - b = -4*b - 36, 2*n = b + 36. Suppose 4*o - 54 = n. What is the greatest common divisor of t and o?
6
Let v = -155 + 185. What is the greatest common factor of 75 and v?
15
Suppose 0 = 4*b + 3*i - 36, 2*b = -0*i + 3*i + 18. Suppose -4*j + 627 = -3*x, -5*x = -j - 109 + 287. What is the highest common divisor of b and j?
9
Let j(v) = -v**3 + 13*v**2 - 29*v + 62. Let i be j(10). Let h = 36 - 18. Calculate the greatest common factor of i and h.
18
Suppose y - 573 = -508. Calculate the greatest common divisor of y and 325.
65
Suppose 0 = u, 8*d = 5*d + 5*u. Let v = 30 + d. Calculate the greatest common factor of 12 and v.
6
Suppose 7 = 4*y - 37. Let w be (-7)/((-2 - -5)/(-33)). What is the greatest common divisor of y and w?
11
Suppose 5*o + 0*o - 54 = 3*p, 0 = 4*o - 2*p - 44. Suppose 4*q - o = q. What is the greatest common divisor of q and 8?
4
Let w be (-2)/3 + (-754)/(-6). Let k be -10*(-4)/((-20)/(-5)). Suppose -k = 5*c - w. What is the greatest common factor of c and 115?
23
Let d be (-3)/(4 + (-85)/21). Suppose -5*w - 9 = 5*z - 69, -4*z + w + d = 0. Calculate the highest common divisor of 9 and z.
3
Let y(z) = -z - 2. Let f be y(-4). Suppose 0 = -f*l + 5 + 1. Suppose 5*s + 10 + 5 = 0, -l*s - 31 = -d. What is the highest common divisor of d and 88?
22
Suppose -4*p + 16 = 0, -s = -4*p + 25 - 9. Let t = s - -8. Let r be (1 + 5)/1 - -2. What is the highest common divisor of r and t?
8
Suppose 0 = -2*i - h + 129, 0*i - 5*i = -2*h - 336. Calculate the greatest common factor of i and 561.
33
Let u = -65 + 68. Suppose -u*a + 55 = -11. Calculate the highest common divisor of 44 and a.
22
Let v(s) = 2*s**3 - 28*s**2 + 8*s - 22. Let t be v(14). What is the greatest common divisor of 60 and t?
30
Let o = 32 + -4. Suppose 10*t = 5*t - 25, 0 = 5*z + t - 205. Calculate the greatest common divisor of o and z.
14
Let l(z) be the first derivative of -z**3/3 + 2*z**2 + 7*z - 2. Let f be l(5). Calculate the highest common factor of 2 and f.
2
Let d be 34*(-5)/(-2) + 2. Suppose -15*m + 20*m = -5*t + 155, 0 = t - 4*m - 21. Calculate the greatest common factor of d and t.
29
Let t(l) = -l**2 + 21*l - 21. Let i be t(16). Suppose -h - 13 = -i. Let m = h + -32. Calculate the highest common divisor of m and 2.
2
Suppose -3*x = 4*m - 129 - 1881, 0 = -2*m + 5*x + 1018. Suppose -266 = -11*w + m. Calculate the greatest common factor of 35 and w.
35
Let h(m) = 59*m**2 + m. Let x = 9 - 7. Suppose 5*g - 20 = -4*j - 1, -4*j - x = -2*g. Let q be h(j). What is the greatest common factor of 24 and q?
12
Let t = 42 - 11. Calculate the highest common divisor of t and 992.
31
Let l(x) = -9*x + 56. Let h be l(6). Suppose h*f + j - 930 + 323 = 0, -j - 311 = -f. Calculate the greatest common divisor of 34 and f.
34
Suppose -5*r + 3*r = -6. Suppose -r*q + 20 = -q. Let a(w) = 2*w**2. Let v be a(1). Calculate the greatest common divisor of q and v.
2
Let f be (-2)/3*-51 - 3. Let v = f - -9. Calculate the greatest common factor of v and 30.
10
Let w be 1/4 - (-105)/12. Let k(b) = -8*b + 33. Let y be k(-13). Suppose 3*h - y - 52 = 0. Calculate the greatest common divisor of w and h.
9
Let u = 101 + -89. Let r(q) = -16*q - 1. Let o be r(-1). Suppose -a + o - 1 = 4*b, 0 = a + 2*b - 10. Calculate the highest common factor of u and a.
6
Suppose -f + p = -2 - 19, 78 = 4*f - p. Calculate the highest common factor of 1197 and f.
19
Let p be 3/(-3) + -3 + 412 + -23. Calculate the greatest common factor of p an